{"id":2129,"date":"2025-06-11T19:29:20","date_gmt":"2025-06-11T17:29:20","guid":{"rendered":"https:\/\/www.najarian.projetsmmichamps.fr\/gods\/?page_id=2129"},"modified":"2025-06-12T04:00:42","modified_gmt":"2025-06-12T02:00:42","slug":"label-espace-naturailes","status":"publish","type":"page","link":"https:\/\/www.najarian.projetsmmichamps.fr\/gods\/label-espace-naturailes\/","title":{"rendered":"Label Espace Natur\u2019ailes"},"content":{"rendered":"\t\t<div data-elementor-type=\"wp-page\" data-elementor-id=\"2129\" class=\"elementor elementor-2129\">\n\t\t\t\t<div class=\"elementor-element elementor-element-2dda82c e-flex e-con-boxed wpr-particle-no wpr-jarallax-no wpr-parallax-no wpr-sticky-section-no wpr-column-slider-no wpr-equal-height-no e-con e-parent\" data-id=\"2dda82c\" data-element_type=\"container\" data-e-type=\"container\">\n\t\t\t\t\t<div class=\"e-con-inner\">\n\t\t\t\t<div class=\"elementor-element elementor-element-6d46c25 elementor-widget elementor-widget-spacer\" data-id=\"6d46c25\" data-element_type=\"widget\" data-e-type=\"widget\" data-widget_type=\"spacer.default\">\n\t\t\t\t<div class=\"elementor-widget-container\">\n\t\t\t\t\t\t\t<div class=\"elementor-spacer\">\n\t\t\t<div class=\"elementor-spacer-inner\"><\/div>\n\t\t<\/div>\n\t\t\t\t\t\t<\/div>\n\t\t\t\t<\/div>\n\t\t\t\t\t<\/div>\n\t\t\t\t<\/div>\n\t\t<div class=\"elementor-element elementor-element-41957c3 e-con-full e-flex wpr-particle-no wpr-jarallax-no wpr-parallax-no wpr-sticky-section-no wpr-column-slider-no wpr-equal-height-no e-con e-parent\" data-id=\"41957c3\" data-element_type=\"container\" data-e-type=\"container\" data-settings=\"{&quot;background_background&quot;:&quot;classic&quot;}\">\n\t\t\t\t<div class=\"elementor-element elementor-element-d98ce4e elementor-widget elementor-widget-heading\" data-id=\"d98ce4e\" data-element_type=\"widget\" data-e-type=\"widget\" data-widget_type=\"heading.default\">\n\t\t\t\t<div class=\"elementor-widget-container\">\n\t\t\t\t\t<h1 class=\"elementor-heading-title elementor-size-default\">Natur\u2019Ailes : un label qui pr\u00e9serve la biodiversit\u00e9<\/h1>\t\t\t\t<\/div>\n\t\t\t\t<\/div>\n\t\t\t\t<\/div>\n\t\t<div class=\"elementor-element elementor-element-63e04f6 e-flex e-con-boxed wpr-particle-no wpr-jarallax-no wpr-parallax-no wpr-sticky-section-no wpr-column-slider-no wpr-equal-height-no e-con e-parent\" data-id=\"63e04f6\" data-element_type=\"container\" data-e-type=\"container\">\n\t\t\t\t\t<div class=\"e-con-inner\">\n\t\t<div class=\"elementor-element elementor-element-519168f e-con-full e-flex wpr-particle-no wpr-jarallax-no wpr-parallax-no wpr-sticky-section-no wpr-column-slider-no wpr-equal-height-no e-con e-child\" data-id=\"519168f\" data-element_type=\"container\" data-e-type=\"container\">\n\t\t<div class=\"elementor-element elementor-element-ac2bd7c e-con-full e-flex wpr-particle-no wpr-jarallax-no wpr-parallax-no wpr-sticky-section-no wpr-column-slider-no wpr-equal-height-no e-con e-child\" data-id=\"ac2bd7c\" data-element_type=\"container\" data-e-type=\"container\">\n\t\t\t\t<div class=\"elementor-element elementor-element-46862c9 elementor-widget elementor-widget-heading\" data-id=\"46862c9\" data-element_type=\"widget\" data-e-type=\"widget\" data-widget_type=\"heading.default\">\n\t\t\t\t<div class=\"elementor-widget-container\">\n\t\t\t\t\t<h2 class=\"elementor-heading-title elementor-size-default\">Qu\u2019est-ce que le Label Espace Natur\u2019Ailes ?<\/h2>\t\t\t\t<\/div>\n\t\t\t\t<\/div>\n\t\t\t\t<div class=\"elementor-element elementor-element-7f8118e elementor-widget elementor-widget-text-editor\" data-id=\"7f8118e\" data-element_type=\"widget\" data-e-type=\"widget\" data-widget_type=\"text-editor.default\">\n\t\t\t\t<div class=\"elementor-widget-container\">\n\t\t\t\t\t\t\t\t\t<p><span style=\"font-weight: 400;\">Cr\u00e9\u00e9 aussi bien pour les entreprises que les particuliers, le Label Espace Natur\u2019Ailes permet de reconna\u00eetre un espace foncier ou un jardin en tant que zone de pr\u00e9servation des oiseaux.<\/span><\/p><p><span style=\"font-weight: 400;\">Recevoir le Label Espace Natur\u2019Ailes, c\u2019est s\u2019engager \u00e0 respecter une charte qui inclut notamment :<\/span><\/p>\t\t\t\t\t\t\t\t<\/div>\n\t\t\t\t<\/div>\n\t\t\t\t<div class=\"elementor-element elementor-element-459696f elementor-align-start elementor-widget__width-inherit elementor-icon-list--layout-traditional elementor-list-item-link-full_width elementor-widget elementor-widget-icon-list\" data-id=\"459696f\" data-element_type=\"widget\" data-e-type=\"widget\" data-widget_type=\"icon-list.default\">\n\t\t\t\t<div class=\"elementor-widget-container\">\n\t\t\t\t\t\t\t<ul class=\"elementor-icon-list-items\">\n\t\t\t\t\t\t\t<li class=\"elementor-icon-list-item\">\n\t\t\t\t\t\t\t\t\t\t\t<span class=\"elementor-icon-list-icon\">\n\t\t\t\t\t\t\t<svg aria-hidden=\"true\" class=\"e-font-icon-svg e-fas-circle\" viewBox=\"0 0 512 512\" xmlns=\"http:\/\/www.w3.org\/2000\/svg\"><path d=\"M256 8C119 8 8 119 8 256s111 248 248 248 248-111 248-248S393 8 256 8z\"><\/path><\/svg>\t\t\t\t\t\t<\/span>\n\t\t\t\t\t\t\t\t\t\t<span class=\"elementor-icon-list-text\">le d\u00e9veloppement de l\u2019habitat (installation de nichoirs\u2026)<\/span>\n\t\t\t\t\t\t\t\t\t<\/li>\n\t\t\t\t\t\t\t\t<li class=\"elementor-icon-list-item\">\n\t\t\t\t\t\t\t\t\t\t\t<span class=\"elementor-icon-list-icon\">\n\t\t\t\t\t\t\t<svg aria-hidden=\"true\" class=\"e-font-icon-svg e-fas-circle\" viewBox=\"0 0 512 512\" xmlns=\"http:\/\/www.w3.org\/2000\/svg\"><path d=\"M256 8C119 8 8 119 8 256s111 248 248 248 248-111 248-248S393 8 256 8z\"><\/path><\/svg>\t\t\t\t\t\t<\/span>\n\t\t\t\t\t\t\t\t\t\t<span class=\"elementor-icon-list-text\">la gestion des ressources (mangeoires et points d\u2019eau,\u2026)<\/span>\n\t\t\t\t\t\t\t\t\t<\/li>\n\t\t\t\t\t\t\t\t<li class=\"elementor-icon-list-item\">\n\t\t\t\t\t\t\t\t\t\t\t<span class=\"elementor-icon-list-icon\">\n\t\t\t\t\t\t\t<svg aria-hidden=\"true\" class=\"e-font-icon-svg e-fas-circle\" viewBox=\"0 0 512 512\" xmlns=\"http:\/\/www.w3.org\/2000\/svg\"><path d=\"M256 8C119 8 8 119 8 256s111 248 248 248 248-111 248-248S393 8 256 8z\"><\/path><\/svg>\t\t\t\t\t\t<\/span>\n\t\t\t\t\t\t\t\t\t\t<span class=\"elementor-icon-list-text\">la protection (dispositifs anti-collision, non-utilisation des produits phytosanitaires\u2026)<\/span>\n\t\t\t\t\t\t\t\t\t<\/li>\n\t\t\t\t\t\t\t\t<li class=\"elementor-icon-list-item\">\n\t\t\t\t\t\t\t\t\t\t\t<span class=\"elementor-icon-list-icon\">\n\t\t\t\t\t\t\t<svg aria-hidden=\"true\" class=\"e-font-icon-svg e-fas-circle\" viewBox=\"0 0 512 512\" xmlns=\"http:\/\/www.w3.org\/2000\/svg\"><path d=\"M256 8C119 8 8 119 8 256s111 248 248 248 248-111 248-248S393 8 256 8z\"><\/path><\/svg>\t\t\t\t\t\t<\/span>\n\t\t\t\t\t\t\t\t\t\t<span class=\"elementor-icon-list-text\">la sensibilisation (valorisation du label\u2026)<\/span>\n\t\t\t\t\t\t\t\t\t<\/li>\n\t\t\t\t\t\t\t\t<li class=\"elementor-icon-list-item\">\n\t\t\t\t\t\t\t\t\t\t\t<span class=\"elementor-icon-list-icon\">\n\t\t\t\t\t\t\t<svg aria-hidden=\"true\" class=\"e-font-icon-svg e-fas-circle\" viewBox=\"0 0 512 512\" xmlns=\"http:\/\/www.w3.org\/2000\/svg\"><path d=\"M256 8C119 8 8 119 8 256s111 248 248 248 248-111 248-248S393 8 256 8z\"><\/path><\/svg>\t\t\t\t\t\t<\/span>\n\t\t\t\t\t\t\t\t\t\t<span class=\"elementor-icon-list-text\">le partage de donn\u00e9es (suivi du ou des nichoirs\u2026)<\/span>\n\t\t\t\t\t\t\t\t\t<\/li>\n\t\t\t\t\t\t<\/ul>\n\t\t\t\t\t\t<\/div>\n\t\t\t\t<\/div>\n\t\t\t\t<div class=\"elementor-element elementor-element-d924482 elementor-widget elementor-widget-text-editor\" data-id=\"d924482\" data-element_type=\"widget\" data-e-type=\"widget\" data-widget_type=\"text-editor.default\">\n\t\t\t\t<div class=\"elementor-widget-container\">\n\t\t\t\t\t\t\t\t\t<p><span style=\"font-weight: 400;\">Pour chaque Label aux particuliers, nous remettons un nichoir avec une plaque de suivi, un guide des oiseaux du jardin et un sticker Label \u00e0 coller sur sa bo\u00eete aux lettres. Les nichoirs sont r\u00e9alis\u00e9s par <\/span><a href=\"https:\/\/www.reseau-gesat.com\/Gesat\/Deux-Sevres-79\/Niort-31776\/prest-ea-e1614\/\" target=\"_blank\" rel=\"noopener\"><span style=\"font-weight: 400;\">Prest\u2019EA<\/span><\/a><span style=\"font-weight: 400;\">, une entreprise locale, employant des personnes en situation de handicap. Notre partenaire se fournit en bois \u00e0 Melle et ce dernier est trait\u00e9 \u00e0 la cire d\u2019abeille ou de lin.<\/span><\/p><p><span style=\"font-weight: 400;\">Actuellement, ce sont environ 95 espaces particuliers, 6 entreprises et 481 350m\u00b2 de jardins lab\u00e9lis\u00e9es ou en cours de lab\u00e9lisation.<\/span><\/p>\t\t\t\t\t\t\t\t<\/div>\n\t\t\t\t<\/div>\n\t\t\t\t<\/div>\n\t\t<div class=\"elementor-element elementor-element-5c21ecf e-con-full e-flex wpr-particle-no wpr-jarallax-no wpr-parallax-no wpr-sticky-section-no wpr-column-slider-no wpr-equal-height-no e-con e-child\" data-id=\"5c21ecf\" data-element_type=\"container\" data-e-type=\"container\">\n\t\t\t\t<div class=\"elementor-element elementor-element-e536019 elementor-widget elementor-widget-image\" data-id=\"e536019\" data-element_type=\"widget\" data-e-type=\"widget\" data-widget_type=\"image.default\">\n\t\t\t\t<div class=\"elementor-widget-container\">\n\t\t\t\t\t\t\t\t\t\t\t\t\t\t\t<img fetchpriority=\"high\" decoding=\"async\" width=\"1394\" height=\"1890\" src=\"https:\/\/www.najarian.projetsmmichamps.fr\/gods\/wp-content\/uploads\/2025\/06\/Carte.png\" class=\"attachment-full size-full wp-image-2842\" alt=\"\" srcset=\"https:\/\/www.najarian.projetsmmichamps.fr\/gods\/wp-content\/uploads\/2025\/06\/Carte.png 1394w, https:\/\/www.najarian.projetsmmichamps.fr\/gods\/wp-content\/uploads\/2025\/06\/Carte-221x300.png 221w, https:\/\/www.najarian.projetsmmichamps.fr\/gods\/wp-content\/uploads\/2025\/06\/Carte-755x1024.png 755w, https:\/\/www.najarian.projetsmmichamps.fr\/gods\/wp-content\/uploads\/2025\/06\/Carte-768x1041.png 768w, https:\/\/www.najarian.projetsmmichamps.fr\/gods\/wp-content\/uploads\/2025\/06\/Carte-1133x1536.png 1133w\" sizes=\"(max-width: 1394px) 100vw, 1394px\" \/>\t\t\t\t\t\t\t\t\t\t\t\t\t\t\t<\/div>\n\t\t\t\t<\/div>\n\t\t\t\t<\/div>\n\t\t\t\t<\/div>\n\t\t\t\t<div class=\"elementor-element elementor-element-5b7450b elementor-widget elementor-widget-heading\" data-id=\"5b7450b\" data-element_type=\"widget\" data-e-type=\"widget\" data-widget_type=\"heading.default\">\n\t\t\t\t<div class=\"elementor-widget-container\">\n\t\t\t\t\t<h2 class=\"elementor-heading-title elementor-size-default\">Label Espace Natur\u2019Ailes Entreprise<\/h2>\t\t\t\t<\/div>\n\t\t\t\t<\/div>\n\t\t\t\t<div class=\"elementor-element elementor-element-0f252a8 elementor-widget elementor-widget-text-editor\" data-id=\"0f252a8\" data-element_type=\"widget\" data-e-type=\"widget\" data-widget_type=\"text-editor.default\">\n\t\t\t\t<div class=\"elementor-widget-container\">\n\t\t\t\t\t\t\t\t\t<p><span style=\"font-weight: 400;\">Le patrimoine foncier des Entreprises, exploitations agricoles et associations des Deux-S\u00e8vres, offre potentiellement aux oiseaux et \u00e0 bien d\u2019autres formes de vie, des milieux de vie propices \u00e0 leur d\u00e9veloppement. Le GODS propose donc \u00e0 ces acteurs \u00e9conomiques, un accompagnement dans leurs choix de gestion de leur patrimoine foncier, vers une d\u00e9marche responsable de d\u00e9veloppement de l\u2019avifaune et de pr\u00e9servation du vivant.<\/span><\/p><p><span style=\"font-weight: 400;\">Un diagnostic bas\u00e9 sur une grille environnementale pr\u00e9cise est r\u00e9alis\u00e9 par un.e des expert.e.s du GODS. Cette analyse de l\u2019existant, partag\u00e9e avec les acteurs de la gestion du site, d\u00e9bouche sur des recommandations adapt\u00e9es aux structures et aux espaces verts \u00e9tudi\u00e9s. Une visite de contr\u00f4le est ensuite r\u00e9alis\u00e9e si des am\u00e9nagements s\u2019av\u00e8rent n\u00e9cessaires. Par la suite, un plan de gestion est construit avec les \u00e9quipes de la structure, en accord avec les pr\u00e9conisations faites. C\u2019est \u00e9galement une occasion de les former aux bonnes pratiques.<\/span><\/p>\t\t\t\t\t\t\t\t<\/div>\n\t\t\t\t<\/div>\n\t\t\t\t\t<\/div>\n\t\t\t\t<\/div>\n\t\t\t\t<\/div>\n\t\t","protected":false},"excerpt":{"rendered":"<p>Natur\u2019Ailes : un label qui pr\u00e9serve la biodiversit\u00e9 Qu\u2019est-ce que le Label Espace Natur\u2019Ailes ? Cr\u00e9\u00e9 aussi bien pour les entreprises que les particuliers, le Label Espace Natur\u2019Ailes permet de reconna\u00eetre un espace foncier ou un jardin en tant que zone de pr\u00e9servation des oiseaux. Recevoir le Label Espace Natur\u2019Ailes, c\u2019est s\u2019engager \u00e0 respecter une charte qui inclut notamment : le d\u00e9veloppement de l\u2019habitat (installation de nichoirs\u2026) la gestion des ressources (mangeoires et points d\u2019eau,\u2026) la protection (dispositifs anti-collision, non-utilisation des produits phytosanitaires\u2026) la sensibilisation (valorisation du label\u2026) le partage de donn\u00e9es (suivi du ou des nichoirs\u2026) Pour chaque Label aux particuliers, nous remettons un nichoir avec une plaque de suivi, un guide des oiseaux du jardin et un sticker Label \u00e0 coller sur sa bo\u00eete aux lettres. Les nichoirs sont r\u00e9alis\u00e9s par Prest\u2019EA, une entreprise locale, employant des personnes en situation de handicap. Notre partenaire se fournit en bois \u00e0 Melle et ce dernier est trait\u00e9 \u00e0 la cire d\u2019abeille ou de lin. Actuellement, ce sont environ 95 espaces particuliers, 6 entreprises et 481 350m\u00b2 de jardins lab\u00e9lis\u00e9es ou en cours de lab\u00e9lisation. Label Espace Natur\u2019Ailes Entreprise Le patrimoine foncier des Entreprises, exploitations agricoles et associations des Deux-S\u00e8vres, offre potentiellement aux oiseaux et \u00e0 bien d\u2019autres formes de vie, des milieux de vie propices \u00e0 leur d\u00e9veloppement. Le GODS propose donc \u00e0 ces acteurs \u00e9conomiques, un accompagnement dans leurs choix de gestion de leur patrimoine foncier, vers une d\u00e9marche responsable de d\u00e9veloppement de l\u2019avifaune et de pr\u00e9servation du vivant. Un diagnostic bas\u00e9 sur une grille environnementale pr\u00e9cise est r\u00e9alis\u00e9 par un.e des expert.e.s du GODS. Cette analyse de l\u2019existant, partag\u00e9e avec les acteurs de la gestion du site, d\u00e9bouche sur des recommandations adapt\u00e9es aux structures et aux espaces verts \u00e9tudi\u00e9s. Une visite de contr\u00f4le est ensuite r\u00e9alis\u00e9e si des am\u00e9nagements s\u2019av\u00e8rent n\u00e9cessaires. Par la suite, un plan de gestion est construit avec les \u00e9quipes de la structure, en accord avec les pr\u00e9conisations faites. C\u2019est \u00e9galement une occasion de les former aux bonnes pratiques.<\/p>\n","protected":false},"author":1,"featured_media":0,"parent":0,"menu_order":0,"comment_status":"closed","ping_status":"closed","template":"elementor_header_footer","meta":{"footnotes":""},"class_list":["post-2129","page","type-page","status-publish","hentry"],"blocksy_meta":[],"_links":{"self":[{"href":"https:\/\/www.najarian.projetsmmichamps.fr\/gods\/wp-json\/wp\/v2\/pages\/2129","targetHints":{"allow":["GET"]}}],"collection":[{"href":"https:\/\/www.najarian.projetsmmichamps.fr\/gods\/wp-json\/wp\/v2\/pages"}],"about":[{"href":"https:\/\/www.najarian.projetsmmichamps.fr\/gods\/wp-json\/wp\/v2\/types\/page"}],"author":[{"embeddable":true,"href":"https:\/\/www.najarian.projetsmmichamps.fr\/gods\/wp-json\/wp\/v2\/users\/1"}],"replies":[{"embeddable":true,"href":"https:\/\/www.najarian.projetsmmichamps.fr\/gods\/wp-json\/wp\/v2\/comments?post=2129"}],"version-history":[{"count":115,"href":"https:\/\/www.najarian.projetsmmichamps.fr\/gods\/wp-json\/wp\/v2\/pages\/2129\/revisions"}],"predecessor-version":[{"id":3032,"href":"https:\/\/www.najarian.projetsmmichamps.fr\/gods\/wp-json\/wp\/v2\/pages\/2129\/revisions\/3032"}],"wp:attachment":[{"href":"https:\/\/www.najarian.projetsmmichamps.fr\/gods\/wp-json\/wp\/v2\/media?parent=2129"}],"curies":[{"name":"wp","href":"https:\/\/api.w.org\/{rel}","templated":true}]}}