{"id":2127,"date":"2025-06-11T19:28:51","date_gmt":"2025-06-11T17:28:51","guid":{"rendered":"https:\/\/www.najarian.projetsmmichamps.fr\/gods\/?page_id=2127"},"modified":"2025-06-12T04:00:18","modified_gmt":"2025-06-12T02:00:18","slug":"comptages-nationaux","status":"publish","type":"page","link":"https:\/\/www.najarian.projetsmmichamps.fr\/gods\/comptages-nationaux\/","title":{"rendered":"Comptages nationaux"},"content":{"rendered":"\t\t<div data-elementor-type=\"wp-page\" data-elementor-id=\"2127\" class=\"elementor elementor-2127\">\n\t\t\t\t<div class=\"elementor-element elementor-element-ce88309 e-flex e-con-boxed wpr-particle-no wpr-jarallax-no wpr-parallax-no wpr-sticky-section-no wpr-column-slider-no wpr-equal-height-no e-con e-parent\" data-id=\"ce88309\" data-element_type=\"container\" data-e-type=\"container\">\n\t\t\t\t\t<div class=\"e-con-inner\">\n\t\t\t\t<div class=\"elementor-element elementor-element-47bb121 elementor-widget elementor-widget-spacer\" data-id=\"47bb121\" data-element_type=\"widget\" data-e-type=\"widget\" data-widget_type=\"spacer.default\">\n\t\t\t\t<div class=\"elementor-widget-container\">\n\t\t\t\t\t\t\t<div class=\"elementor-spacer\">\n\t\t\t<div class=\"elementor-spacer-inner\"><\/div>\n\t\t<\/div>\n\t\t\t\t\t\t<\/div>\n\t\t\t\t<\/div>\n\t\t\t\t\t<\/div>\n\t\t\t\t<\/div>\n\t\t<div class=\"elementor-element elementor-element-ed99937 e-con-full e-flex wpr-particle-no wpr-jarallax-no wpr-parallax-no wpr-sticky-section-no wpr-column-slider-no wpr-equal-height-no e-con e-parent\" data-id=\"ed99937\" data-element_type=\"container\" data-e-type=\"container\" data-settings=\"{&quot;background_background&quot;:&quot;classic&quot;}\">\n\t\t\t\t<div class=\"elementor-element elementor-element-d4b23d5 elementor-widget elementor-widget-heading\" data-id=\"d4b23d5\" data-element_type=\"widget\" data-e-type=\"widget\" data-widget_type=\"heading.default\">\n\t\t\t\t<div class=\"elementor-widget-container\">\n\t\t\t\t\t<h1 class=\"elementor-heading-title elementor-size-default\">Suivis scientifiques des populations d\u2019oiseaux communs et rapaces<\/h1>\t\t\t\t<\/div>\n\t\t\t\t<\/div>\n\t\t\t\t<\/div>\n\t\t<div class=\"elementor-element elementor-element-a5df704 e-flex e-con-boxed wpr-particle-no wpr-jarallax-no wpr-parallax-no wpr-sticky-section-no wpr-column-slider-no wpr-equal-height-no e-con e-parent\" data-id=\"a5df704\" data-element_type=\"container\" data-e-type=\"container\">\n\t\t\t\t\t<div class=\"e-con-inner\">\n\t\t\t\t<div class=\"elementor-element elementor-element-657d02f elementor-widget elementor-widget-text-editor\" data-id=\"657d02f\" data-element_type=\"widget\" data-e-type=\"widget\" data-widget_type=\"text-editor.default\">\n\t\t\t\t<div class=\"elementor-widget-container\">\n\t\t\t\t\t\t\t\t\t<p><span style=\"font-weight: 400;\">En coordination avec la LPO Nouvelle-Aquitaine et Charente-Nature, le GODS participe aux comptages nationaux, \u00e0 la production des r\u00e9sultats bruts et d\u2019indicateurs concernant les tendances des populations d\u2019oiseaux \u00e0 l\u2019\u00e9chelle de la Nouvelle-Aquitaine, \u00e0 partir de protocoles nationaux (voire internationaux) standardis\u00e9s et valid\u00e9s scientifiquement.<\/span><\/p>\t\t\t\t\t\t\t\t<\/div>\n\t\t\t\t<\/div>\n\t\t\t\t<div class=\"elementor-element elementor-element-6834ab5 elementor-widget elementor-widget-heading\" data-id=\"6834ab5\" data-element_type=\"widget\" data-e-type=\"widget\" data-widget_type=\"heading.default\">\n\t\t\t\t<div class=\"elementor-widget-container\">\n\t\t\t\t\t<h2 class=\"elementor-heading-title elementor-size-default\">Suivi Temporel des Oiseaux Communs par \u00c9chantillonnage Ponctuel Simple (STOC EPS)\n<\/h2>\t\t\t\t<\/div>\n\t\t\t\t<\/div>\n\t\t\t\t<div class=\"elementor-element elementor-element-b0fe426 elementor-widget elementor-widget-text-editor\" data-id=\"b0fe426\" data-element_type=\"widget\" data-e-type=\"widget\" data-widget_type=\"text-editor.default\">\n\t\t\t\t<div class=\"elementor-widget-container\">\n\t\t\t\t\t\t\t\t\t<p><span style=\"font-weight: 400;\">Le STOC-EPS est coordonn\u00e9, au niveau national par le Mus\u00e9um National d\u2019Histoire Naturelle (MNHN) et la LPO. Il permet d\u2019\u00e9valuer les variations spatiales et temporelles de l\u2019abondance des populations nicheuses d\u2019oiseaux communs. Il s\u2019agit pour les observateurs de r\u00e9aliser trois passages au cours du printemps sur 10 points d\u2019\u00e9coute situ\u00e9s dans un carr\u00e9 choisi al\u00e9atoirement \u00e0 proximit\u00e9 de leur commune.<\/span><\/p><p><span style=\"font-weight: 400;\">Les r\u00e9sultats sont pr\u00e9sent\u00e9s par le CRBPO, service du Mus\u00e9um en charge du suivi, sous diff\u00e9rentes formes d\u2019indicateurs :<\/span><\/p>\t\t\t\t\t\t\t\t<\/div>\n\t\t\t\t<\/div>\n\t\t\t\t<div class=\"elementor-element elementor-element-58da86a elementor-align-start elementor-widget__width-inherit elementor-icon-list--layout-traditional elementor-list-item-link-full_width elementor-widget elementor-widget-icon-list\" data-id=\"58da86a\" data-element_type=\"widget\" data-e-type=\"widget\" data-widget_type=\"icon-list.default\">\n\t\t\t\t<div class=\"elementor-widget-container\">\n\t\t\t\t\t\t\t<ul class=\"elementor-icon-list-items\">\n\t\t\t\t\t\t\t<li class=\"elementor-icon-list-item\">\n\t\t\t\t\t\t\t\t\t\t\t<a href=\"https:\/\/www.google.com\/url?q=http:\/\/www.vigienature.fr\/fr\/resultats-especes-3367&#038;sa=D&#038;source=docs&#038;ust=1749690511788271&#038;usg=AOvVaw2MJohEfd3NPe57nuCOhCO7\" target=\"_blank\">\n\n\t\t\t\t\t\t\t\t\t\t\t\t<span class=\"elementor-icon-list-icon\">\n\t\t\t\t\t\t\t<svg aria-hidden=\"true\" class=\"e-font-icon-svg e-fas-circle\" viewBox=\"0 0 512 512\" xmlns=\"http:\/\/www.w3.org\/2000\/svg\"><path d=\"M256 8C119 8 8 119 8 256s111 248 248 248 248-111 248-248S393 8 256 8z\"><\/path><\/svg>\t\t\t\t\t\t<\/span>\n\t\t\t\t\t\t\t\t\t\t<span class=\"elementor-icon-list-text\">par esp\u00e8ces<\/span>\n\t\t\t\t\t\t\t\t\t\t\t<\/a>\n\t\t\t\t\t\t\t\t\t<\/li>\n\t\t\t\t\t\t\t\t<li class=\"elementor-icon-list-item\">\n\t\t\t\t\t\t\t\t\t\t\t<a href=\"https:\/\/www.vigienature.fr\/fr\/page\/produire-des-indicateurs-partir-des-indices-des-especes-habitat\" target=\"_blank\">\n\n\t\t\t\t\t\t\t\t\t\t\t\t<span class=\"elementor-icon-list-icon\">\n\t\t\t\t\t\t\t<svg aria-hidden=\"true\" class=\"e-font-icon-svg e-fas-circle\" viewBox=\"0 0 512 512\" xmlns=\"http:\/\/www.w3.org\/2000\/svg\"><path d=\"M256 8C119 8 8 119 8 256s111 248 248 248 248-111 248-248S393 8 256 8z\"><\/path><\/svg>\t\t\t\t\t\t<\/span>\n\t\t\t\t\t\t\t\t\t\t<span class=\"elementor-icon-list-text\">par habitats<\/span>\n\t\t\t\t\t\t\t\t\t\t\t<\/a>\n\t\t\t\t\t\t\t\t\t<\/li>\n\t\t\t\t\t\t\t\t<li class=\"elementor-icon-list-item\">\n\t\t\t\t\t\t\t\t\t\t\t<a href=\"https:\/\/www.vigienature.fr\/fr\/indicateur-impact-rechauffement-climatique-3417\" target=\"_blank\">\n\n\t\t\t\t\t\t\t\t\t\t\t\t<span class=\"elementor-icon-list-icon\">\n\t\t\t\t\t\t\t<svg aria-hidden=\"true\" class=\"e-font-icon-svg e-fas-circle\" viewBox=\"0 0 512 512\" xmlns=\"http:\/\/www.w3.org\/2000\/svg\"><path d=\"M256 8C119 8 8 119 8 256s111 248 248 248 248-111 248-248S393 8 256 8z\"><\/path><\/svg>\t\t\t\t\t\t<\/span>\n\t\t\t\t\t\t\t\t\t\t<span class=\"elementor-icon-list-text\">r\u00e9chauffement climatique<\/span>\n\t\t\t\t\t\t\t\t\t\t\t<\/a>\n\t\t\t\t\t\t\t\t\t<\/li>\n\t\t\t\t\t\t\t\t<li class=\"elementor-icon-list-item\">\n\t\t\t\t\t\t\t\t\t\t\t<a href=\"https:\/\/www.vigienature.fr\/fr\/indicateurs-services-culturels-3418\" target=\"_blank\">\n\n\t\t\t\t\t\t\t\t\t\t\t\t<span class=\"elementor-icon-list-icon\">\n\t\t\t\t\t\t\t<svg aria-hidden=\"true\" class=\"e-font-icon-svg e-fas-circle\" viewBox=\"0 0 512 512\" xmlns=\"http:\/\/www.w3.org\/2000\/svg\"><path d=\"M256 8C119 8 8 119 8 256s111 248 248 248 248-111 248-248S393 8 256 8z\"><\/path><\/svg>\t\t\t\t\t\t<\/span>\n\t\t\t\t\t\t\t\t\t\t<span class=\"elementor-icon-list-text\">services culturels<\/span>\n\t\t\t\t\t\t\t\t\t\t\t<\/a>\n\t\t\t\t\t\t\t\t\t<\/li>\n\t\t\t\t\t\t<\/ul>\n\t\t\t\t\t\t<\/div>\n\t\t\t\t<\/div>\n\t\t\t\t<div class=\"elementor-element elementor-element-12d0108 elementor-widget elementor-widget-text-editor\" data-id=\"12d0108\" data-element_type=\"widget\" data-e-type=\"widget\" data-widget_type=\"text-editor.default\">\n\t\t\t\t<div class=\"elementor-widget-container\">\n\t\t\t\t\t\t\t\t\t<p><span style=\"font-weight: 400;\">Ils sont \u00e9galement \u00e0 la base des <\/span><a href=\"https:\/\/pecbms.info\/\" target=\"_blank\" rel=\"noopener\"><span style=\"font-weight: 400;\">tendances europ\u00e9ennes<\/span><\/a><span style=\"font-weight: 400;\">, ainsi que la mati\u00e8re pour de nombreuses analyses visant \u00e0 d\u00e9terminer les causes des <\/span><a href=\"https:\/\/www.vigienature.fr\/fr\/actualites\/intensification-agricole-est-principale-cause-declin-oiseaux-nicheurs-europe-3785\" target=\"_blank\" rel=\"noopener\"><span style=\"font-weight: 400;\">variations de tendances<\/span><\/a><span style=\"font-weight: 400;\">.<\/span><\/p>\t\t\t\t\t\t\t\t<\/div>\n\t\t\t\t<\/div>\n\t\t\t\t<div class=\"elementor-element elementor-element-9e280af elementor-widget elementor-widget-heading\" data-id=\"9e280af\" data-element_type=\"widget\" data-e-type=\"widget\" data-widget_type=\"heading.default\">\n\t\t\t\t<div class=\"elementor-widget-container\">\n\t\t\t\t\t<h2 class=\"elementor-heading-title elementor-size-default\">Suivi Hivernal des Oiseaux Communs - (SHOC)<\/h2>\t\t\t\t<\/div>\n\t\t\t\t<\/div>\n\t\t\t\t<div class=\"elementor-element elementor-element-5e5c01d elementor-widget elementor-widget-text-editor\" data-id=\"5e5c01d\" data-element_type=\"widget\" data-e-type=\"widget\" data-widget_type=\"text-editor.default\">\n\t\t\t\t<div class=\"elementor-widget-container\">\n\t\t\t\t\t\t\t\t\t<p><span style=\"font-weight: 400;\">\u00c9galement coordonn\u00e9 par le MNHN, Il s\u2019agit l\u00e0 d\u2019un suivi des oiseaux communs concernant l\u2019\u00e9volution des populations pendant la p\u00e9riode hivernale. Il est cr\u00e9\u00e9 sur le m\u00eame carr\u00e9 que le protocole STOC et consiste \u00e0 r\u00e9aliser 10 parcours de 300 m de long et \u00e0 y noter toutes les esp\u00e8ces observ\u00e9es.<\/span><\/p>\t\t\t\t\t\t\t\t<\/div>\n\t\t\t\t<\/div>\n\t\t\t\t<div class=\"elementor-element elementor-element-a239990 elementor-widget elementor-widget-heading\" data-id=\"a239990\" data-element_type=\"widget\" data-e-type=\"widget\" data-widget_type=\"heading.default\">\n\t\t\t\t<div class=\"elementor-widget-container\">\n\t\t\t\t\t<h2 class=\"elementor-heading-title elementor-size-default\">Comptage des Oiseaux d\u2019eau \u00e0 la mi-janvier - (Wetlands International)<\/h2>\t\t\t\t<\/div>\n\t\t\t\t<\/div>\n\t\t\t\t<div class=\"elementor-element elementor-element-0ecc846 elementor-widget elementor-widget-text-editor\" data-id=\"0ecc846\" data-element_type=\"widget\" data-e-type=\"widget\" data-widget_type=\"text-editor.default\">\n\t\t\t\t<div class=\"elementor-widget-container\">\n\t\t\t\t\t\t\t\t\t<p><span style=\"font-weight: 400;\">Chaque ann\u00e9e, \u00e0 la mi-janvier, les ornithologues de tous les pays r\u00e9alisent un comptage simultan\u00e9 des oiseaux d\u2019eau pour en d\u00e9terminer la tendance et obtenir ainsi un \u00e9tat de sant\u00e9 des zones humides de la plan\u00e8te.<\/span><\/p>\t\t\t\t\t\t\t\t<\/div>\n\t\t\t\t<\/div>\n\t\t\t\t<div class=\"elementor-element elementor-element-b0dec69 elementor-widget elementor-widget-heading\" data-id=\"b0dec69\" data-element_type=\"widget\" data-e-type=\"widget\" data-widget_type=\"heading.default\">\n\t\t\t\t<div class=\"elementor-widget-container\">\n\t\t\t\t\t<h2 class=\"elementor-heading-title elementor-size-default\">Enqu\u00eate Rapaces diurnes<\/h2>\t\t\t\t<\/div>\n\t\t\t\t<\/div>\n\t\t\t\t<div class=\"elementor-element elementor-element-552b225 elementor-widget elementor-widget-text-editor\" data-id=\"552b225\" data-element_type=\"widget\" data-e-type=\"widget\" data-widget_type=\"text-editor.default\">\n\t\t\t\t<div class=\"elementor-widget-container\">\n\t\t\t\t\t\t\t\t\t<p><span style=\"font-weight: 400;\">Suite \u00e0 l\u2019enqu\u00eate Rapaces, lanc\u00e9e entre 2000 et 2002, \u00e0 laquelle pr\u00e8s de 1700 observateurs avaient particip\u00e9 en recensant tous les rapaces nicheurs diurnes pr\u00e9sents sur 1 230 cartes, un protocole bas\u00e9 sur un \u00e9chantillonnage restreint a \u00e9t\u00e9 propos\u00e9 pour poursuivre l\u2019enqu\u00eate. L\u2019observatoire rapaces reprend strictement les m\u00eames conditions et le m\u00eame protocole (carr\u00e9s identiques, indices de nidification identiques, efforts de prospection similaire) mais sur un nombre limit\u00e9 de carr\u00e9s.<\/span><\/p><p><span style=\"font-weight: 400;\">Autrement dit, il s\u2019agit d\u2019un recensement le plus exhaustif possible des rapaces nicheurs pr\u00e9sents sur un carr\u00e9 de 25 km\u00b2 dans chaque d\u00e9partement. Pour chaque couple recens\u00e9, il doit \u00eatre pr\u00e9cis\u00e9 s\u2019il s\u2019agit d\u2019un couple nicheur certain, probable ou possible (d\u00e9termin\u00e9 selon les indices de nidification pr\u00e9cis\u00e9s par la suite).<\/span><\/p>\t\t\t\t\t\t\t\t<\/div>\n\t\t\t\t<\/div>\n\t\t\t\t\t<\/div>\n\t\t\t\t<\/div>\n\t\t\t\t<\/div>\n\t\t","protected":false},"excerpt":{"rendered":"<p>Suivis scientifiques des populations d\u2019oiseaux communs et rapaces En coordination avec la LPO Nouvelle-Aquitaine et Charente-Nature, le GODS participe aux comptages nationaux, \u00e0 la production des r\u00e9sultats bruts et d\u2019indicateurs concernant les tendances des populations d\u2019oiseaux \u00e0 l\u2019\u00e9chelle de la Nouvelle-Aquitaine, \u00e0 partir de protocoles nationaux (voire internationaux) standardis\u00e9s et valid\u00e9s scientifiquement. Suivi Temporel des Oiseaux Communs par \u00c9chantillonnage Ponctuel Simple (STOC EPS) Le STOC-EPS est coordonn\u00e9, au niveau national par le Mus\u00e9um National d\u2019Histoire Naturelle (MNHN) et la LPO. Il permet d\u2019\u00e9valuer les variations spatiales et temporelles de l\u2019abondance des populations nicheuses d\u2019oiseaux communs. Il s\u2019agit pour les observateurs de r\u00e9aliser trois passages au cours du printemps sur 10 points d\u2019\u00e9coute situ\u00e9s dans un carr\u00e9 choisi al\u00e9atoirement \u00e0 proximit\u00e9 de leur commune. Les r\u00e9sultats sont pr\u00e9sent\u00e9s par le CRBPO, service du Mus\u00e9um en charge du suivi, sous diff\u00e9rentes formes d\u2019indicateurs : par esp\u00e8ces par habitats r\u00e9chauffement climatique services culturels Ils sont \u00e9galement \u00e0 la base des tendances europ\u00e9ennes, ainsi que la mati\u00e8re pour de nombreuses analyses visant \u00e0 d\u00e9terminer les causes des variations de tendances. Suivi Hivernal des Oiseaux Communs &#8211; (SHOC) \u00c9galement coordonn\u00e9 par le MNHN, Il s\u2019agit l\u00e0 d\u2019un suivi des oiseaux communs concernant l\u2019\u00e9volution des populations pendant la p\u00e9riode hivernale. Il est cr\u00e9\u00e9 sur le m\u00eame carr\u00e9 que le protocole STOC et consiste \u00e0 r\u00e9aliser 10 parcours de 300 m de long et \u00e0 y noter toutes les esp\u00e8ces observ\u00e9es. Comptage des Oiseaux d\u2019eau \u00e0 la mi-janvier &#8211; (Wetlands International) Chaque ann\u00e9e, \u00e0 la mi-janvier, les ornithologues de tous les pays r\u00e9alisent un comptage simultan\u00e9 des oiseaux d\u2019eau pour en d\u00e9terminer la tendance et obtenir ainsi un \u00e9tat de sant\u00e9 des zones humides de la plan\u00e8te. Enqu\u00eate Rapaces diurnes Suite \u00e0 l\u2019enqu\u00eate Rapaces, lanc\u00e9e entre 2000 et 2002, \u00e0 laquelle pr\u00e8s de 1700 observateurs avaient particip\u00e9 en recensant tous les rapaces nicheurs diurnes pr\u00e9sents sur 1 230 cartes, un protocole bas\u00e9 sur un \u00e9chantillonnage restreint a \u00e9t\u00e9 propos\u00e9 pour poursuivre l\u2019enqu\u00eate. L\u2019observatoire rapaces reprend strictement les m\u00eames conditions et le m\u00eame protocole (carr\u00e9s identiques, indices de nidification identiques, efforts de prospection similaire) mais sur un nombre limit\u00e9 de carr\u00e9s. Autrement dit, il s\u2019agit d\u2019un recensement le plus exhaustif possible des rapaces nicheurs pr\u00e9sents sur un carr\u00e9 de 25 km\u00b2 dans chaque d\u00e9partement. Pour chaque couple recens\u00e9, il doit \u00eatre pr\u00e9cis\u00e9 s\u2019il s\u2019agit d\u2019un couple nicheur certain, probable ou possible (d\u00e9termin\u00e9 selon les indices de nidification pr\u00e9cis\u00e9s par la suite).<\/p>\n","protected":false},"author":1,"featured_media":0,"parent":0,"menu_order":0,"comment_status":"closed","ping_status":"closed","template":"elementor_header_footer","meta":{"footnotes":""},"class_list":["post-2127","page","type-page","status-publish","hentry"],"blocksy_meta":[],"_links":{"self":[{"href":"https:\/\/www.najarian.projetsmmichamps.fr\/gods\/wp-json\/wp\/v2\/pages\/2127","targetHints":{"allow":["GET"]}}],"collection":[{"href":"https:\/\/www.najarian.projetsmmichamps.fr\/gods\/wp-json\/wp\/v2\/pages"}],"about":[{"href":"https:\/\/www.najarian.projetsmmichamps.fr\/gods\/wp-json\/wp\/v2\/types\/page"}],"author":[{"embeddable":true,"href":"https:\/\/www.najarian.projetsmmichamps.fr\/gods\/wp-json\/wp\/v2\/users\/1"}],"replies":[{"embeddable":true,"href":"https:\/\/www.najarian.projetsmmichamps.fr\/gods\/wp-json\/wp\/v2\/comments?post=2127"}],"version-history":[{"count":49,"href":"https:\/\/www.najarian.projetsmmichamps.fr\/gods\/wp-json\/wp\/v2\/pages\/2127\/revisions"}],"predecessor-version":[{"id":3029,"href":"https:\/\/www.najarian.projetsmmichamps.fr\/gods\/wp-json\/wp\/v2\/pages\/2127\/revisions\/3029"}],"wp:attachment":[{"href":"https:\/\/www.najarian.projetsmmichamps.fr\/gods\/wp-json\/wp\/v2\/media?parent=2127"}],"curies":[{"name":"wp","href":"https:\/\/api.w.org\/{rel}","templated":true}]}}