{"id":2125,"date":"2025-06-11T19:25:54","date_gmt":"2025-06-11T17:25:54","guid":{"rendered":"https:\/\/www.najarian.projetsmmichamps.fr\/gods\/?page_id=2125"},"modified":"2025-06-12T03:59:57","modified_gmt":"2025-06-12T01:59:57","slug":"centres-socioculturels","status":"publish","type":"page","link":"https:\/\/www.najarian.projetsmmichamps.fr\/gods\/centres-socioculturels\/","title":{"rendered":"Centres socioculturels"},"content":{"rendered":"\t\t<div data-elementor-type=\"wp-page\" data-elementor-id=\"2125\" class=\"elementor elementor-2125\">\n\t\t\t\t<div class=\"elementor-element elementor-element-62a36c3 e-flex e-con-boxed wpr-particle-no wpr-jarallax-no wpr-parallax-no wpr-sticky-section-no wpr-column-slider-no wpr-equal-height-no e-con e-parent\" data-id=\"62a36c3\" data-element_type=\"container\" data-e-type=\"container\">\n\t\t\t\t\t<div class=\"e-con-inner\">\n\t\t\t\t<div class=\"elementor-element elementor-element-859daeb elementor-widget elementor-widget-spacer\" data-id=\"859daeb\" data-element_type=\"widget\" data-e-type=\"widget\" data-widget_type=\"spacer.default\">\n\t\t\t\t<div class=\"elementor-widget-container\">\n\t\t\t\t\t\t\t<div class=\"elementor-spacer\">\n\t\t\t<div class=\"elementor-spacer-inner\"><\/div>\n\t\t<\/div>\n\t\t\t\t\t\t<\/div>\n\t\t\t\t<\/div>\n\t\t\t\t\t<\/div>\n\t\t\t\t<\/div>\n\t\t<div class=\"elementor-element elementor-element-82ee1f8 e-con-full e-flex wpr-particle-no wpr-jarallax-no wpr-parallax-no wpr-sticky-section-no wpr-column-slider-no wpr-equal-height-no e-con e-parent\" data-id=\"82ee1f8\" data-element_type=\"container\" data-e-type=\"container\" data-settings=\"{&quot;background_background&quot;:&quot;classic&quot;}\">\n\t\t\t\t<div class=\"elementor-element elementor-element-5b2dd98 elementor-widget elementor-widget-heading\" data-id=\"5b2dd98\" data-element_type=\"widget\" data-e-type=\"widget\" data-widget_type=\"heading.default\">\n\t\t\t\t<div class=\"elementor-widget-container\">\n\t\t\t\t\t<h1 class=\"elementor-heading-title elementor-size-default\">Centres SocioCulturels (CSC) : sensibiliser autrement <\/h1>\t\t\t\t<\/div>\n\t\t\t\t<\/div>\n\t\t\t\t<\/div>\n\t\t<div class=\"elementor-element elementor-element-6dcc5a1 e-flex e-con-boxed wpr-particle-no wpr-jarallax-no wpr-parallax-no wpr-sticky-section-no wpr-column-slider-no wpr-equal-height-no e-con e-parent\" data-id=\"6dcc5a1\" data-element_type=\"container\" data-e-type=\"container\">\n\t\t\t\t\t<div class=\"e-con-inner\">\n\t\t\t\t<div class=\"elementor-element elementor-element-b5d904a elementor-widget elementor-widget-text-editor\" data-id=\"b5d904a\" data-element_type=\"widget\" data-e-type=\"widget\" data-widget_type=\"text-editor.default\">\n\t\t\t\t<div class=\"elementor-widget-container\">\n\t\t\t\t\t\t\t\t\t<p><span style=\"font-weight: 400;\">En concordance avec notre projet associatif, nous avons li\u00e9 en 2021 un partenariat avec les centres Socioculturels des Deux-S\u00e8vres. Ce dernier nous permet d\u2019approcher leur public que nous ne touchons pas habituellement (en termes de tranche d\u2019\u00e2ge et de cat\u00e9gories socioprofessionnelle) et d\u2019initier des projets de d\u00e9couverte et de protection de la nature construits avec eux.<\/span><\/p>\t\t\t\t\t\t\t\t<\/div>\n\t\t\t\t<\/div>\n\t\t\t\t<div class=\"elementor-element elementor-element-0c44e9a elementor-widget elementor-widget-heading\" data-id=\"0c44e9a\" data-element_type=\"widget\" data-e-type=\"widget\" data-widget_type=\"heading.default\">\n\t\t\t\t<div class=\"elementor-widget-container\">\n\t\t\t\t\t<h2 class=\"elementor-heading-title elementor-size-default\">Enjeux des partenariats avec les centres socioculturels<\/h2>\t\t\t\t<\/div>\n\t\t\t\t<\/div>\n\t\t\t\t<div class=\"elementor-element elementor-element-326e752 elementor-widget elementor-widget-text-editor\" data-id=\"326e752\" data-element_type=\"widget\" data-e-type=\"widget\" data-widget_type=\"text-editor.default\">\n\t\t\t\t<div class=\"elementor-widget-container\">\n\t\t\t\t\t\t\t\t\t<p><span style=\"font-weight: 400;\">Dans le d\u00e9partement des Deux-S\u00e8vres, nous constatons une m\u00e9connaissance du public sur les richesses naturelles et les enjeux de pr\u00e9servation li\u00e9s \u00e0 celles-ci. Les actions p\u00e9dagogiques de sensibilisation men\u00e9es par le GODS touchent en grande partie un public scolaire (essentiellement \u00e0 l\u2019\u00e9cole primaire) et une plus faible part de grand public lors de sorties sp\u00e9cifiques, fr\u00e9quent\u00e9es essentiellement par des personnes d\u00e9j\u00e0 sensibles aux enjeux de protection de l\u2019environnement.<\/span><\/p>\t\t\t\t\t\t\t\t<\/div>\n\t\t\t\t<\/div>\n\t\t\t\t<div class=\"elementor-element elementor-element-e01d90c elementor-widget elementor-widget-heading\" data-id=\"e01d90c\" data-element_type=\"widget\" data-e-type=\"widget\" data-widget_type=\"heading.default\">\n\t\t\t\t<div class=\"elementor-widget-container\">\n\t\t\t\t\t<h2 class=\"elementor-heading-title elementor-size-default\">Les s\u00e9ances pour les centres socioculturels<\/h2>\t\t\t\t<\/div>\n\t\t\t\t<\/div>\n\t\t\t\t<div class=\"elementor-element elementor-element-7275ca6 elementor-widget elementor-widget-text-editor\" data-id=\"7275ca6\" data-element_type=\"widget\" data-e-type=\"widget\" data-widget_type=\"text-editor.default\">\n\t\t\t\t<div class=\"elementor-widget-container\">\n\t\t\t\t\t\t\t\t\t<p><span style=\"font-weight: 400;\">Les diff\u00e9rents publics des centres socioculturels (allant des maternelles jusqu\u2019aux adultes) profiteront de 10 demi-journ\u00e9es d\u2019interventions par un animateur du GODS. Des s\u00e9ances de d\u00e9couvertes, des sorties et des actions de protection sont envisag\u00e9es. Le programme effectif sera co-construit avec les participants et l\u2019\u00e9quipe des centres socioculturels, qui d\u00e9cideront des actions \u00e0 prioriser (actions au sein de leur lieu de vie, d\u00e9couverte des sites \u00e0 fort enjeux proches de chez eux\u2026). Le but est qu\u2019ils s\u2019approprient la biodiversit\u00e9 de leur environnement proche et qu\u2019ils soient acteurs de sa d\u00e9couverte et de sa protection.<\/span><\/p><p><span style=\"font-weight: 400;\">Des s\u00e9ances d\u2019\u00e9changes auront lieu entre les groupes <\/span><a href=\"https:\/\/csniort.centres-sociaux.fr\/\" target=\"_blank\" rel=\"noopener\"><span style=\"font-weight: 400;\">centres socioculturels Niortais<\/span><\/a><span style=\"font-weight: 400;\"> et le Club Nature pour favoriser la transmission et la mixit\u00e9 sociale.<\/span><\/p>\t\t\t\t\t\t\t\t<\/div>\n\t\t\t\t<\/div>\n\t\t\t\t<div class=\"elementor-element elementor-element-475f81c elementor-widget elementor-widget-heading\" data-id=\"475f81c\" data-element_type=\"widget\" data-e-type=\"widget\" data-widget_type=\"heading.default\">\n\t\t\t\t<div class=\"elementor-widget-container\">\n\t\t\t\t\t<h2 class=\"elementor-heading-title elementor-size-default\">Exemple d\u2019un programme d\u2019animations avec les CSC du Niortais<\/h2>\t\t\t\t<\/div>\n\t\t\t\t<\/div>\n\t\t\t\t<div class=\"elementor-element elementor-element-26e9fe6 elementor-widget elementor-widget-html\" data-id=\"26e9fe6\" data-element_type=\"widget\" data-e-type=\"widget\" data-widget_type=\"html.default\">\n\t\t\t\t<div class=\"elementor-widget-container\">\n\t\t\t\t\t<style>\r\n  table {\r\n    width: 100%;\r\n    border-collapse: collapse;\r\n    font-family: Arial, sans-serif;\r\n    color: white;\r\n    border: 2px solid #879b54;\r\n  }\r\n\r\n  thead tr {\r\n    background-color: #879b54;\r\n  }\r\n\r\n  tbody tr {\r\n    background-color: #254612;\r\n  }\r\n\r\n  th, td {\r\n    border: 1px solid #879b54;\r\n    padding: 12px;\r\n    vertical-align: top;\r\n    text-align: left;\r\n  }\r\n<\/style>\r\n\r\n<table>\r\n  <thead>\r\n    <tr>\r\n      <th>Mois<\/th>\r\n      <th>Lieu<\/th>\r\n      <th>Th\u00e8me \/ activit\u00e9<\/th>\r\n    <\/tr>\r\n  <\/thead>\r\n  <tbody>\r\n    <tr>\r\n      <td>Septembre<\/td>\r\n      <td>CSC Niort<\/td>\r\n      <td>Pr\u00e9sentation de l\u2019association et du projet. Construction du programme de l\u2019ann\u00e9e, immersion dans la nature, premi\u00e8re d\u00e9couverte de la faune et de la flore du quartier.<\/td>\r\n    <\/tr>\r\n    <tr>\r\n      <td>Octobre<\/td>\r\n      <td>CSC Niort<\/td>\r\n      <td>Construction de mangeoires pour les oiseaux, apprendre \u00e0 nourrir les oiseaux en hiver, d\u00e9couvrir les oiseaux des mangeoires. Construction d\u2019un refuge pour les h\u00e9rissons, d\u00e9couvrir la vie d\u2019un h\u00e9risson.<\/td>\r\n    <\/tr>\r\n    <tr>\r\n      <td>Novembre<\/td>\r\n      <td>CSC Niort<\/td>\r\n      <td>Installation des mangeoires et lancement d\u2019un protocole mangeoire. Animation sur les arbres en automne.<\/td>\r\n    <\/tr>\r\n    <tr>\r\n      <td>Janvier<\/td>\r\n      <td>CSC Niort<\/td>\r\n      <td>Construction de nichoirs \u00e0 installer dans le quartier.<\/td>\r\n    <\/tr>\r\n    <tr>\r\n      <td>F\u00e9vrier<\/td>\r\n      <td>CSC Niort<\/td>\r\n      <td>Animation sur les oiseaux du quartier. \u00c9coute des premiers chants de la saison. Installation des nichoirs.<\/td>\r\n    <\/tr>\r\n    <tr>\r\n      <td>Mars<\/td>\r\n      <td>Marais du Galuchet<\/td>\r\n      <td>Sortie commune avec le Club Nature. D\u00e9couverte de la migration et de la reproduction des amphibiens. D\u00e9couverte de la notion de trame verte et bleue.<\/td>\r\n    <\/tr>\r\n    <tr>\r\n      <td>Avril<\/td>\r\n      <td>CSC Niort<\/td>\r\n      <td>D\u00e9couverte des plantes \u00e0 fleurs sauvages du quartier, herbier, land art.<\/td>\r\n    <\/tr>\r\n    <tr>\r\n      <td>Mai<\/td>\r\n      <td>Marais du Galuchet<\/td>\r\n      <td>Sortie commune avec le Club Nature. D\u00e9couverte des insectes du Marais du Galuchet.<\/td>\r\n    <\/tr>\r\n    <tr>\r\n      <td>Juin<\/td>\r\n      <td>CSC Niort<\/td>\r\n      <td>Soir\u00e9e sur les chauves-souris et les rapaces nocturnes. Dissection de pelotes.<\/td>\r\n    <\/tr>\r\n    <tr>\r\n      <td>Juillet<\/td>\r\n      <td>Bords de S\u00e8vre \/ CSC Niort<\/td>\r\n      <td>D\u00e9couverte des papillons et des odonates des bords de S\u00e8vre. Temps fort de fin de projet.<\/td>\r\n    <\/tr>\r\n  <\/tbody>\r\n<\/table>\r\n\t\t\t\t<\/div>\n\t\t\t\t<\/div>\n\t\t\t\t\t<\/div>\n\t\t\t\t<\/div>\n\t\t\t\t<\/div>\n\t\t","protected":false},"excerpt":{"rendered":"<p>Centres SocioCulturels (CSC) : sensibiliser autrement En concordance avec notre projet associatif, nous avons li\u00e9 en 2021 un partenariat avec les centres Socioculturels des Deux-S\u00e8vres. Ce dernier nous permet d\u2019approcher leur public que nous ne touchons pas habituellement (en termes de tranche d\u2019\u00e2ge et de cat\u00e9gories socioprofessionnelle) et d\u2019initier des projets de d\u00e9couverte et de protection de la nature construits avec eux. Enjeux des partenariats avec les centres socioculturels Dans le d\u00e9partement des Deux-S\u00e8vres, nous constatons une m\u00e9connaissance du public sur les richesses naturelles et les enjeux de pr\u00e9servation li\u00e9s \u00e0 celles-ci. Les actions p\u00e9dagogiques de sensibilisation men\u00e9es par le GODS touchent en grande partie un public scolaire (essentiellement \u00e0 l\u2019\u00e9cole primaire) et une plus faible part de grand public lors de sorties sp\u00e9cifiques, fr\u00e9quent\u00e9es essentiellement par des personnes d\u00e9j\u00e0 sensibles aux enjeux de protection de l\u2019environnement. Les s\u00e9ances pour les centres socioculturels Les diff\u00e9rents publics des centres socioculturels (allant des maternelles jusqu\u2019aux adultes) profiteront de 10 demi-journ\u00e9es d\u2019interventions par un animateur du GODS. Des s\u00e9ances de d\u00e9couvertes, des sorties et des actions de protection sont envisag\u00e9es. Le programme effectif sera co-construit avec les participants et l\u2019\u00e9quipe des centres socioculturels, qui d\u00e9cideront des actions \u00e0 prioriser (actions au sein de leur lieu de vie, d\u00e9couverte des sites \u00e0 fort enjeux proches de chez eux\u2026). Le but est qu\u2019ils s\u2019approprient la biodiversit\u00e9 de leur environnement proche et qu\u2019ils soient acteurs de sa d\u00e9couverte et de sa protection. Des s\u00e9ances d\u2019\u00e9changes auront lieu entre les groupes centres socioculturels Niortais et le Club Nature pour favoriser la transmission et la mixit\u00e9 sociale. Exemple d\u2019un programme d\u2019animations avec les CSC du Niortais Mois Lieu Th\u00e8me \/ activit\u00e9 Septembre CSC Niort Pr\u00e9sentation de l\u2019association et du projet. Construction du programme de l\u2019ann\u00e9e, immersion dans la nature, premi\u00e8re d\u00e9couverte de la faune et de la flore du quartier. Octobre CSC Niort Construction de mangeoires pour les oiseaux, apprendre \u00e0 nourrir les oiseaux en hiver, d\u00e9couvrir les oiseaux des mangeoires. Construction d\u2019un refuge pour les h\u00e9rissons, d\u00e9couvrir la vie d\u2019un h\u00e9risson. Novembre CSC Niort Installation des mangeoires et lancement d\u2019un protocole mangeoire. Animation sur les arbres en automne. Janvier CSC Niort Construction de nichoirs \u00e0 installer dans le quartier. F\u00e9vrier CSC Niort Animation sur les oiseaux du quartier. \u00c9coute des premiers chants de la saison. Installation des nichoirs. Mars Marais du Galuchet Sortie commune avec le Club Nature. D\u00e9couverte de la migration et de la reproduction des amphibiens. D\u00e9couverte de la notion de trame verte et bleue. Avril CSC Niort D\u00e9couverte des plantes \u00e0 fleurs sauvages du quartier, herbier, land art. Mai Marais du Galuchet Sortie commune avec le Club Nature. D\u00e9couverte des insectes du Marais du Galuchet. Juin CSC Niort Soir\u00e9e sur les chauves-souris et les rapaces nocturnes. Dissection de pelotes. Juillet Bords de S\u00e8vre \/ CSC Niort D\u00e9couverte des papillons et des odonates des bords de S\u00e8vre. Temps fort de fin de projet.<\/p>\n","protected":false},"author":1,"featured_media":0,"parent":0,"menu_order":0,"comment_status":"closed","ping_status":"closed","template":"elementor_header_footer","meta":{"footnotes":""},"class_list":["post-2125","page","type-page","status-publish","hentry"],"blocksy_meta":[],"_links":{"self":[{"href":"https:\/\/www.najarian.projetsmmichamps.fr\/gods\/wp-json\/wp\/v2\/pages\/2125","targetHints":{"allow":["GET"]}}],"collection":[{"href":"https:\/\/www.najarian.projetsmmichamps.fr\/gods\/wp-json\/wp\/v2\/pages"}],"about":[{"href":"https:\/\/www.najarian.projetsmmichamps.fr\/gods\/wp-json\/wp\/v2\/types\/page"}],"author":[{"embeddable":true,"href":"https:\/\/www.najarian.projetsmmichamps.fr\/gods\/wp-json\/wp\/v2\/users\/1"}],"replies":[{"embeddable":true,"href":"https:\/\/www.najarian.projetsmmichamps.fr\/gods\/wp-json\/wp\/v2\/comments?post=2125"}],"version-history":[{"count":64,"href":"https:\/\/www.najarian.projetsmmichamps.fr\/gods\/wp-json\/wp\/v2\/pages\/2125\/revisions"}],"predecessor-version":[{"id":3026,"href":"https:\/\/www.najarian.projetsmmichamps.fr\/gods\/wp-json\/wp\/v2\/pages\/2125\/revisions\/3026"}],"wp:attachment":[{"href":"https:\/\/www.najarian.projetsmmichamps.fr\/gods\/wp-json\/wp\/v2\/media?parent=2125"}],"curies":[{"name":"wp","href":"https:\/\/api.w.org\/{rel}","templated":true}]}}