{"id":2117,"date":"2025-06-11T19:17:13","date_gmt":"2025-06-11T17:17:13","guid":{"rendered":"https:\/\/www.najarian.projetsmmichamps.fr\/gods\/?page_id=2117"},"modified":"2025-06-12T04:01:48","modified_gmt":"2025-06-12T02:01:48","slug":"nourrir","status":"publish","type":"page","link":"https:\/\/www.najarian.projetsmmichamps.fr\/gods\/nourrir\/","title":{"rendered":"Nourrir"},"content":{"rendered":"\t\t<div data-elementor-type=\"wp-page\" data-elementor-id=\"2117\" class=\"elementor elementor-2117\">\n\t\t\t\t<div class=\"elementor-element elementor-element-8aa108f e-flex e-con-boxed wpr-particle-no wpr-jarallax-no wpr-parallax-no wpr-sticky-section-no wpr-column-slider-no wpr-equal-height-no e-con e-parent\" data-id=\"8aa108f\" data-element_type=\"container\" data-e-type=\"container\">\n\t\t\t\t\t<div class=\"e-con-inner\">\n\t\t\t\t<div class=\"elementor-element elementor-element-c96d059 elementor-widget elementor-widget-spacer\" data-id=\"c96d059\" data-element_type=\"widget\" data-e-type=\"widget\" data-widget_type=\"spacer.default\">\n\t\t\t\t<div class=\"elementor-widget-container\">\n\t\t\t\t\t\t\t<div class=\"elementor-spacer\">\n\t\t\t<div class=\"elementor-spacer-inner\"><\/div>\n\t\t<\/div>\n\t\t\t\t\t\t<\/div>\n\t\t\t\t<\/div>\n\t\t\t\t\t<\/div>\n\t\t\t\t<\/div>\n\t\t<div class=\"elementor-element elementor-element-4dac5a6 e-con-full e-flex wpr-particle-no wpr-jarallax-no wpr-parallax-no wpr-sticky-section-no wpr-column-slider-no wpr-equal-height-no e-con e-parent\" data-id=\"4dac5a6\" data-element_type=\"container\" data-e-type=\"container\" data-settings=\"{&quot;background_background&quot;:&quot;classic&quot;}\">\n\t\t\t\t<div class=\"elementor-element elementor-element-cf45c72 elementor-widget elementor-widget-heading\" data-id=\"cf45c72\" data-element_type=\"widget\" data-e-type=\"widget\" data-widget_type=\"heading.default\">\n\t\t\t\t<div class=\"elementor-widget-container\">\n\t\t\t\t\t<h1 class=\"elementor-heading-title elementor-size-default\">Abris et am\u00e9nagements : pr\u00e9server les oiseaux au quotidien<\/h1>\t\t\t\t<\/div>\n\t\t\t\t<\/div>\n\t\t\t\t<\/div>\n\t\t<div class=\"elementor-element elementor-element-2c2bc04 e-flex e-con-boxed wpr-particle-no wpr-jarallax-no wpr-parallax-no wpr-sticky-section-no wpr-column-slider-no wpr-equal-height-no e-con e-parent\" data-id=\"2c2bc04\" data-element_type=\"container\" data-e-type=\"container\">\n\t\t\t\t\t<div class=\"e-con-inner\">\n\t\t\t\t<div class=\"elementor-element elementor-element-1569193 elementor-widget elementor-widget-heading\" data-id=\"1569193\" data-element_type=\"widget\" data-e-type=\"widget\" data-widget_type=\"heading.default\">\n\t\t\t\t<div class=\"elementor-widget-container\">\n\t\t\t\t\t<h2 class=\"elementor-heading-title elementor-size-default\">Pourquoi nourrir les oiseaux ?<\/h2>\t\t\t\t<\/div>\n\t\t\t\t<\/div>\n\t\t\t\t<div class=\"elementor-element elementor-element-f0bd6aa elementor-widget elementor-widget-text-editor\" data-id=\"f0bd6aa\" data-element_type=\"widget\" data-e-type=\"widget\" data-widget_type=\"text-editor.default\">\n\t\t\t\t<div class=\"elementor-widget-container\">\n\t\t\t\t\t\t\t\t\t<p><span style=\"font-weight: 400;\">Lorsque l\u2019hiver arrive, les oiseaux ont besoin de plus de nourriture pour conserver leur temp\u00e9rature et rester en vie. Elle leur apporte l\u2019\u00e9nergie pour lutter contre le froid.<\/span><\/p><p><span style=\"font-weight: 400;\">Or, c\u2019est pr\u00e9cis\u00e9ment \u00e0 cette \u00e9poque que les aliments font le plus d\u00e9faut. En effet, larves d\u2019insectes, baies et graines deviennent rares et la neige, le gel rendent encore plus difficile la recherche de nourriture. En outre, les jours \u00e9tant plus courts, les oiseaux disposent de moins de temps pour se nourrir. Une m\u00e9sange peut perdre jusqu\u2019\u00e0 10% de son poids en une seule nuit glaciale !<\/span><\/p><p><span style=\"font-weight: 400;\">A ces difficult\u00e9s li\u00e9es \u00e0 la saison, s\u2019ajoutent les destructions par l\u2019homme, de leurs milieux de vie.<\/span><\/p><p><span style=\"font-weight: 400;\">Nous pouvons donc les aider en leur fournissant une nourriture d\u2019appoint. Mais attention : une aide maladroite peut causer du tort aux populations ail\u00e9es !<\/span><\/p>\t\t\t\t\t\t\t\t<\/div>\n\t\t\t\t<\/div>\n\t\t\t\t<div class=\"elementor-element elementor-element-79a8911 elementor-widget elementor-widget-heading\" data-id=\"79a8911\" data-element_type=\"widget\" data-e-type=\"widget\" data-widget_type=\"heading.default\">\n\t\t\t\t<div class=\"elementor-widget-container\">\n\t\t\t\t\t<h2 class=\"elementor-heading-title elementor-size-default\">Quand les nourrir ?<\/h2>\t\t\t\t<\/div>\n\t\t\t\t<\/div>\n\t\t<div class=\"elementor-element elementor-element-f05d692 e-flex e-con-boxed wpr-particle-no wpr-jarallax-no wpr-parallax-no wpr-sticky-section-no wpr-column-slider-no wpr-equal-height-no e-con e-child\" data-id=\"f05d692\" data-element_type=\"container\" data-e-type=\"container\">\n\t\t\t\t\t<div class=\"e-con-inner\">\n\t\t<div class=\"elementor-element elementor-element-8e5ff08 e-con-full e-flex wpr-particle-no wpr-jarallax-no wpr-parallax-no wpr-sticky-section-no wpr-column-slider-no wpr-equal-height-no e-con e-child\" data-id=\"8e5ff08\" data-element_type=\"container\" data-e-type=\"container\">\n\t\t\t\t<div class=\"elementor-element elementor-element-66a2eee elementor-widget elementor-widget-text-editor\" data-id=\"66a2eee\" data-element_type=\"widget\" data-e-type=\"widget\" data-widget_type=\"text-editor.default\">\n\t\t\t\t<div class=\"elementor-widget-container\">\n\t\t\t\t\t\t\t\t\t<p><span style=\"font-weight: 400;\">Commencez seulement aux premiers grands froids, pendant les p\u00e9riodes de gel, \u00e0 la tomb\u00e9e de la neige, ou lors de pluies incessantes. <\/span><span style=\"font-weight: 400;\">Arr\u00eatez d\u00e8s le r\u00e9chauffement de la terre. Sachez qu\u2019un nourrissage mal g\u00e9r\u00e9 peut perturber le cycle de vie d\u2019un oiseau, et que ce nourrissage hivernal ne doit pas \u00eatre syst\u00e9matique quand il n\u2019y a pas p\u00e9nurie importante d\u2019aliments. Ceci \u00e9vite de cr\u00e9er des d\u00e9pendances et permet aux oiseaux de jouer leur r\u00f4le dans la cha\u00eene alimentaire.<\/span><\/p><p><span style=\"font-weight: 400;\">Si vous avez peu de temps, nourrissez les oiseaux de pr\u00e9f\u00e9rence le matin de bonne heure : ils ont \u00e9puis\u00e9 leurs ressources pendant la nuit et ont besoin de se r\u00e9chauffer.<\/span><span style=\"font-weight: 400;\">Si vous avez plus de temps, nourrissez-les le matin et le soir, avant la tomb\u00e9e de la nuit.<\/span><\/p><p><span style=\"font-weight: 400;\">Une fois que vous commencez \u00e0 nourrir, il ne faut pas interrompre le nourrissage pendant la dur\u00e9e de l\u2019hiver (sauf cas de maladies). Les oiseaux, ayant l\u2019habitude de se nourrir aux mangeoires, risquent de ne pas avoir assez de r\u00e9serves avant de trouver une autre source de nourriture.<\/span><\/p>\t\t\t\t\t\t\t\t<\/div>\n\t\t\t\t<\/div>\n\t\t\t\t<\/div>\n\t\t<div class=\"elementor-element elementor-element-11cccf8 e-con-full e-flex wpr-particle-no wpr-jarallax-no wpr-parallax-no wpr-sticky-section-no wpr-column-slider-no wpr-equal-height-no e-con e-child\" data-id=\"11cccf8\" data-element_type=\"container\" data-e-type=\"container\">\n\t\t\t\t<div class=\"elementor-element elementor-element-dcbe5b7 elementor-widget elementor-widget-image\" data-id=\"dcbe5b7\" data-element_type=\"widget\" data-e-type=\"widget\" data-widget_type=\"image.default\">\n\t\t\t\t<div class=\"elementor-widget-container\">\n\t\t\t\t\t\t\t\t\t\t\t\t\t\t\t<img fetchpriority=\"high\" decoding=\"async\" width=\"1024\" height=\"683\" src=\"https:\/\/www.najarian.projetsmmichamps.fr\/gods\/wp-content\/uploads\/2025\/06\/Verdiers_Europe-1024x683.webp\" class=\"attachment-large size-large wp-image-2567\" alt=\"\" srcset=\"https:\/\/www.najarian.projetsmmichamps.fr\/gods\/wp-content\/uploads\/2025\/06\/Verdiers_Europe-1024x683.webp 1024w, https:\/\/www.najarian.projetsmmichamps.fr\/gods\/wp-content\/uploads\/2025\/06\/Verdiers_Europe-300x200.webp 300w, https:\/\/www.najarian.projetsmmichamps.fr\/gods\/wp-content\/uploads\/2025\/06\/Verdiers_Europe-768x512.webp 768w, https:\/\/www.najarian.projetsmmichamps.fr\/gods\/wp-content\/uploads\/2025\/06\/Verdiers_Europe-1536x1024.webp 1536w, https:\/\/www.najarian.projetsmmichamps.fr\/gods\/wp-content\/uploads\/2025\/06\/Verdiers_Europe-2048x1365.webp 2048w\" sizes=\"(max-width: 1024px) 100vw, 1024px\" \/>\t\t\t\t\t\t\t\t\t\t\t\t\t\t\t<\/div>\n\t\t\t\t<\/div>\n\t\t\t\t<\/div>\n\t\t\t\t\t<\/div>\n\t\t\t\t<\/div>\n\t\t\t\t<div class=\"elementor-element elementor-element-5672cbb elementor-widget elementor-widget-heading\" data-id=\"5672cbb\" data-element_type=\"widget\" data-e-type=\"widget\" data-widget_type=\"heading.default\">\n\t\t\t\t<div class=\"elementor-widget-container\">\n\t\t\t\t\t<h2 class=\"elementor-heading-title elementor-size-default\">Quand les nourrir ?<\/h2>\t\t\t\t<\/div>\n\t\t\t\t<\/div>\n\t\t\t\t<div class=\"elementor-element elementor-element-e906703 elementor-align-start elementor-widget__width-inherit elementor-icon-list--layout-traditional elementor-list-item-link-full_width elementor-widget elementor-widget-icon-list\" data-id=\"e906703\" data-element_type=\"widget\" data-e-type=\"widget\" data-widget_type=\"icon-list.default\">\n\t\t\t\t<div class=\"elementor-widget-container\">\n\t\t\t\t\t\t\t<ul class=\"elementor-icon-list-items\">\n\t\t\t\t\t\t\t<li class=\"elementor-icon-list-item\">\n\t\t\t\t\t\t\t\t\t\t\t<span class=\"elementor-icon-list-icon\">\n\t\t\t\t\t\t\t<svg aria-hidden=\"true\" class=\"e-font-icon-svg e-fas-circle\" viewBox=\"0 0 512 512\" xmlns=\"http:\/\/www.w3.org\/2000\/svg\"><path d=\"M256 8C119 8 8 119 8 256s111 248 248 248 248-111 248-248S393 8 256 8z\"><\/path><\/svg>\t\t\t\t\t\t<\/span>\n\t\t\t\t\t\t\t\t\t\t<span class=\"elementor-icon-list-text\">On peut donner toutes sortes de graines, ainsi que tout corps gras non sal\u00e9 !<\/span>\n\t\t\t\t\t\t\t\t\t<\/li>\n\t\t\t\t\t\t\t\t<li class=\"elementor-icon-list-item\">\n\t\t\t\t\t\t\t\t\t\t\t<span class=\"elementor-icon-list-icon\">\n\t\t\t\t\t\t\t<svg aria-hidden=\"true\" class=\"e-font-icon-svg e-fas-circle\" viewBox=\"0 0 512 512\" xmlns=\"http:\/\/www.w3.org\/2000\/svg\"><path d=\"M256 8C119 8 8 119 8 256s111 248 248 248 248-111 248-248S393 8 256 8z\"><\/path><\/svg>\t\t\t\t\t\t<\/span>\n\t\t\t\t\t\t\t\t\t\t<span class=\"elementor-icon-list-text\">Saindoux, margarine, gras de jambon.<\/span>\n\t\t\t\t\t\t\t\t\t<\/li>\n\t\t\t\t\t\t\t\t<li class=\"elementor-icon-list-item\">\n\t\t\t\t\t\t\t\t\t\t\t<span class=\"elementor-icon-list-icon\">\n\t\t\t\t\t\t\t<svg aria-hidden=\"true\" class=\"e-font-icon-svg e-fas-circle\" viewBox=\"0 0 512 512\" xmlns=\"http:\/\/www.w3.org\/2000\/svg\"><path d=\"M256 8C119 8 8 119 8 256s111 248 248 248 248-111 248-248S393 8 256 8z\"><\/path><\/svg>\t\t\t\t\t\t<\/span>\n\t\t\t\t\t\t\t\t\t\t<span class=\"elementor-icon-list-text\">Brisures de riz, tournesol, m\u00e9langes de graines avec : millet, bl\u00e9, orge, avoine, ma\u00efs concass\u00e9s.<\/span>\n\t\t\t\t\t\t\t\t\t<\/li>\n\t\t\t\t\t\t\t\t<li class=\"elementor-icon-list-item\">\n\t\t\t\t\t\t\t\t\t\t\t<span class=\"elementor-icon-list-icon\">\n\t\t\t\t\t\t\t<svg aria-hidden=\"true\" class=\"e-font-icon-svg e-fas-circle\" viewBox=\"0 0 512 512\" xmlns=\"http:\/\/www.w3.org\/2000\/svg\"><path d=\"M256 8C119 8 8 119 8 256s111 248 248 248 248-111 248-248S393 8 256 8z\"><\/path><\/svg>\t\t\t\t\t\t<\/span>\n\t\t\t\t\t\t\t\t\t\t<span class=\"elementor-icon-list-text\">Cacahu\u00e8tes en coques, non sal\u00e9es, cerneaux de noix et noisettes.<\/span>\n\t\t\t\t\t\t\t\t\t<\/li>\n\t\t\t\t\t\t\t\t<li class=\"elementor-icon-list-item\">\n\t\t\t\t\t\t\t\t\t\t\t<span class=\"elementor-icon-list-icon\">\n\t\t\t\t\t\t\t<svg aria-hidden=\"true\" class=\"e-font-icon-svg e-fas-circle\" viewBox=\"0 0 512 512\" xmlns=\"http:\/\/www.w3.org\/2000\/svg\"><path d=\"M256 8C119 8 8 119 8 256s111 248 248 248 248-111 248-248S393 8 256 8z\"><\/path><\/svg>\t\t\t\t\t\t<\/span>\n\t\t\t\t\t\t\t\t\t\t<span class=\"elementor-icon-list-text\">T\u00eates de chardons secs, baies de sureau et sorbier, poires, pommes.<\/span>\n\t\t\t\t\t\t\t\t\t<\/li>\n\t\t\t\t\t\t<\/ul>\n\t\t\t\t\t\t<\/div>\n\t\t\t\t<\/div>\n\t\t\t\t<div class=\"elementor-element elementor-element-2d718aa elementor-widget elementor-widget-text-editor\" data-id=\"2d718aa\" data-element_type=\"widget\" data-e-type=\"widget\" data-widget_type=\"text-editor.default\">\n\t\t\t\t<div class=\"elementor-widget-container\">\n\t\t\t\t\t\t\t\t\t<p><span style=\"font-weight: 400;\">Vous pouvez fabriquer des blocs de graisse en chauffant doucement du saindoux dans une casserole, puis ajoutez des graines vari\u00e9es et remuez. Entourez le fil de fer autour de la plaquette de bois et recourbez-le au bout. Placez l\u2019ensemble dans le moule (pot de yaourt) et versez-y le m\u00e9lange. Laissez figer et retirer du moule. <\/span><span style=\"font-weight: 400;\">Vous pouvez \u00e9galement vous servir d\u2019une pomme de pin qu\u2019il vous suffit de tremper dans le m\u00e9lange.<\/span><\/p><p><span style=\"font-weight: 400;\">A \u00e9viter :<\/span><\/p>\t\t\t\t\t\t\t\t<\/div>\n\t\t\t\t<\/div>\n\t\t\t\t<div class=\"elementor-element elementor-element-dce5d2e elementor-align-start elementor-widget__width-inherit elementor-icon-list--layout-traditional elementor-list-item-link-full_width elementor-widget elementor-widget-icon-list\" data-id=\"dce5d2e\" data-element_type=\"widget\" data-e-type=\"widget\" data-widget_type=\"icon-list.default\">\n\t\t\t\t<div class=\"elementor-widget-container\">\n\t\t\t\t\t\t\t<ul class=\"elementor-icon-list-items\">\n\t\t\t\t\t\t\t<li class=\"elementor-icon-list-item\">\n\t\t\t\t\t\t\t\t\t\t\t<span class=\"elementor-icon-list-icon\">\n\t\t\t\t\t\t\t<svg aria-hidden=\"true\" class=\"e-font-icon-svg e-fas-circle\" viewBox=\"0 0 512 512\" xmlns=\"http:\/\/www.w3.org\/2000\/svg\"><path d=\"M256 8C119 8 8 119 8 256s111 248 248 248 248-111 248-248S393 8 256 8z\"><\/path><\/svg>\t\t\t\t\t\t<\/span>\n\t\t\t\t\t\t\t\t\t\t<span class=\"elementor-icon-list-text\">On peut donner toutes sortes de graines, ainsi que tout corps gras non sal\u00e9 !<\/span>\n\t\t\t\t\t\t\t\t\t<\/li>\n\t\t\t\t\t\t\t\t<li class=\"elementor-icon-list-item\">\n\t\t\t\t\t\t\t\t\t\t\t<span class=\"elementor-icon-list-icon\">\n\t\t\t\t\t\t\t<svg aria-hidden=\"true\" class=\"e-font-icon-svg e-fas-circle\" viewBox=\"0 0 512 512\" xmlns=\"http:\/\/www.w3.org\/2000\/svg\"><path d=\"M256 8C119 8 8 119 8 256s111 248 248 248 248-111 248-248S393 8 256 8z\"><\/path><\/svg>\t\t\t\t\t\t<\/span>\n\t\t\t\t\t\t\t\t\t\t<span class=\"elementor-icon-list-text\">Saindoux, margarine, gras de jambon.<\/span>\n\t\t\t\t\t\t\t\t\t<\/li>\n\t\t\t\t\t\t\t\t<li class=\"elementor-icon-list-item\">\n\t\t\t\t\t\t\t\t\t\t\t<span class=\"elementor-icon-list-icon\">\n\t\t\t\t\t\t\t<svg aria-hidden=\"true\" class=\"e-font-icon-svg e-fas-circle\" viewBox=\"0 0 512 512\" xmlns=\"http:\/\/www.w3.org\/2000\/svg\"><path d=\"M256 8C119 8 8 119 8 256s111 248 248 248 248-111 248-248S393 8 256 8z\"><\/path><\/svg>\t\t\t\t\t\t<\/span>\n\t\t\t\t\t\t\t\t\t\t<span class=\"elementor-icon-list-text\">Brisures de riz, tournesol, m\u00e9langes de graines avec : millet, bl\u00e9, orge, avoine, ma\u00efs concass\u00e9s.<\/span>\n\t\t\t\t\t\t\t\t\t<\/li>\n\t\t\t\t\t\t\t\t<li class=\"elementor-icon-list-item\">\n\t\t\t\t\t\t\t\t\t\t\t<span class=\"elementor-icon-list-icon\">\n\t\t\t\t\t\t\t<svg aria-hidden=\"true\" class=\"e-font-icon-svg e-fas-circle\" viewBox=\"0 0 512 512\" xmlns=\"http:\/\/www.w3.org\/2000\/svg\"><path d=\"M256 8C119 8 8 119 8 256s111 248 248 248 248-111 248-248S393 8 256 8z\"><\/path><\/svg>\t\t\t\t\t\t<\/span>\n\t\t\t\t\t\t\t\t\t\t<span class=\"elementor-icon-list-text\">Cacahu\u00e8tes en coques, non sal\u00e9es, cerneaux de noix et noisettes.<\/span>\n\t\t\t\t\t\t\t\t\t<\/li>\n\t\t\t\t\t\t\t\t<li class=\"elementor-icon-list-item\">\n\t\t\t\t\t\t\t\t\t\t\t<span class=\"elementor-icon-list-icon\">\n\t\t\t\t\t\t\t<svg aria-hidden=\"true\" class=\"e-font-icon-svg e-fas-circle\" viewBox=\"0 0 512 512\" xmlns=\"http:\/\/www.w3.org\/2000\/svg\"><path d=\"M256 8C119 8 8 119 8 256s111 248 248 248 248-111 248-248S393 8 256 8z\"><\/path><\/svg>\t\t\t\t\t\t<\/span>\n\t\t\t\t\t\t\t\t\t\t<span class=\"elementor-icon-list-text\">T\u00eates de chardons secs, baies de sureau et sorbier, poires, pommes.<\/span>\n\t\t\t\t\t\t\t\t\t<\/li>\n\t\t\t\t\t\t<\/ul>\n\t\t\t\t\t\t<\/div>\n\t\t\t\t<\/div>\n\t\t\t\t<div class=\"elementor-element elementor-element-4627a8e elementor-widget elementor-widget-heading\" data-id=\"4627a8e\" data-element_type=\"widget\" data-e-type=\"widget\" data-widget_type=\"heading.default\">\n\t\t\t\t<div class=\"elementor-widget-container\">\n\t\t\t\t\t<h2 class=\"elementor-heading-title elementor-size-default\">Comment les nourrir ?<\/h2>\t\t\t\t<\/div>\n\t\t\t\t<\/div>\n\t\t\t\t<div class=\"elementor-element elementor-element-71aad09 elementor-widget elementor-widget-text-editor\" data-id=\"71aad09\" data-element_type=\"widget\" data-e-type=\"widget\" data-widget_type=\"text-editor.default\">\n\t\t\t\t<div class=\"elementor-widget-container\">\n\t\t\t\t\t\t\t\t\t<p><span style=\"font-weight: 400;\">O\u00f9 d\u00e9poser la nourriture ? Le mieux est d\u2019installer des mangeoires en hauteur, sur un poteau ou dans un arbre, toujours hors de port\u00e9e des pr\u00e9dateurs (des chats par exemple) et dans des endroits d\u00e9couverts pour que les oiseaux ne soient pas attaqu\u00e9s par surprise. Mettez plusieurs mangeoires de types diff\u00e9rents, \u00e0 diff\u00e9rents endroits. Vous \u00e9viterez ainsi les bagarres qui d\u00e9noncent un comportement anormal chez les oiseaux, forc\u00e9s soudain de vivre trop nombreux sur un territoire trop r\u00e9duit.<\/span><\/p><p><span style=\"font-weight: 400;\">Ne mettez jamais la nourriture en trop grande quantit\u00e9 : les graines s\u2019humidifieraient et seraient impropres \u00e0 la consommation.<\/span><\/p><p><span style=\"font-weight: 400;\">Il est important d\u2019alimenter quotidiennement les mangeoires et de nettoyer souvent les points de nourrissage, pour \u00e9viter les risques de contamination et d\u2019\u00e9pid\u00e9mie. Pensez donc \u00e0 disposer les mangeoires dans des lieux faciles d\u2019acc\u00e8s. Les mangeoires id\u00e9ales sont celles qui se nettoient facilement. Ainsi, il est pr\u00e9f\u00e9rable d\u2019utiliser des tubes feeder (tube en PVC avec un r\u00e9ceptacle de graine) ou bien des plateaux en grillage tr\u00e8s fin. Le grillage permet d\u2019\u00e9vacuer l\u2019eau de pluie accidentelle. Le rebord d\u2019acc\u00e8s doit \u00eatre nettoy\u00e9 r\u00e9guli\u00e8rement pour \u00e9viter la propagation de maladies.<\/span><\/p><p><span style=\"font-weight: 400;\">Les oiseaux ont besoin d\u2019eau pour boire et pour se baigner, afin d\u2019entretenir leur plumage. Vous pouvez disposer de petites soucoupes ou autres r\u00e9cipients peu profonds (3 \u00e0 4 cm) dont vous changerez r\u00e9guli\u00e8rement l\u2019eau. Veillez \u00e0 ce que le rebord ne soit pas lisse pour faciliter l\u2019acc\u00e8s des oiseaux. Un couvercle de poubelle retourn\u00e9 et rempli de quelques pierres, servant de perchoir, pourra \u00e9galement faire office d\u2019abreuvoir. Si vous avez un plan d\u2019eau, laissez-y flotter une surface l\u00e9g\u00e8re et imperm\u00e9able (li\u00e8ge par exemple) pour que l\u2019oiseau puisse boire sans se noyer. Si l\u2019hiver est tr\u00e8s rigoureux et que l\u2019eau se fige dans les petits r\u00e9cipients, posez-les sur une brique r\u00e9fractaire chauff\u00e9e au pr\u00e9alable.<\/span><\/p>\t\t\t\t\t\t\t\t<\/div>\n\t\t\t\t<\/div>\n\t\t\t\t\t<\/div>\n\t\t\t\t<\/div>\n\t\t\t\t<\/div>\n\t\t","protected":false},"excerpt":{"rendered":"<p>Abris et am\u00e9nagements : pr\u00e9server les oiseaux au quotidien Pourquoi nourrir les oiseaux ? Lorsque l\u2019hiver arrive, les oiseaux ont besoin de plus de nourriture pour conserver leur temp\u00e9rature et rester en vie. Elle leur apporte l\u2019\u00e9nergie pour lutter contre le froid. Or, c\u2019est pr\u00e9cis\u00e9ment \u00e0 cette \u00e9poque que les aliments font le plus d\u00e9faut. En effet, larves d\u2019insectes, baies et graines deviennent rares et la neige, le gel rendent encore plus difficile la recherche de nourriture. En outre, les jours \u00e9tant plus courts, les oiseaux disposent de moins de temps pour se nourrir. Une m\u00e9sange peut perdre jusqu\u2019\u00e0 10% de son poids en une seule nuit glaciale ! A ces difficult\u00e9s li\u00e9es \u00e0 la saison, s\u2019ajoutent les destructions par l\u2019homme, de leurs milieux de vie. Nous pouvons donc les aider en leur fournissant une nourriture d\u2019appoint. Mais attention : une aide maladroite peut causer du tort aux populations ail\u00e9es ! Quand les nourrir ? Commencez seulement aux premiers grands froids, pendant les p\u00e9riodes de gel, \u00e0 la tomb\u00e9e de la neige, ou lors de pluies incessantes. Arr\u00eatez d\u00e8s le r\u00e9chauffement de la terre. Sachez qu\u2019un nourrissage mal g\u00e9r\u00e9 peut perturber le cycle de vie d\u2019un oiseau, et que ce nourrissage hivernal ne doit pas \u00eatre syst\u00e9matique quand il n\u2019y a pas p\u00e9nurie importante d\u2019aliments. Ceci \u00e9vite de cr\u00e9er des d\u00e9pendances et permet aux oiseaux de jouer leur r\u00f4le dans la cha\u00eene alimentaire. Si vous avez peu de temps, nourrissez les oiseaux de pr\u00e9f\u00e9rence le matin de bonne heure : ils ont \u00e9puis\u00e9 leurs ressources pendant la nuit et ont besoin de se r\u00e9chauffer.Si vous avez plus de temps, nourrissez-les le matin et le soir, avant la tomb\u00e9e de la nuit. Une fois que vous commencez \u00e0 nourrir, il ne faut pas interrompre le nourrissage pendant la dur\u00e9e de l\u2019hiver (sauf cas de maladies). Les oiseaux, ayant l\u2019habitude de se nourrir aux mangeoires, risquent de ne pas avoir assez de r\u00e9serves avant de trouver une autre source de nourriture. Quand les nourrir ? On peut donner toutes sortes de graines, ainsi que tout corps gras non sal\u00e9 ! Saindoux, margarine, gras de jambon. Brisures de riz, tournesol, m\u00e9langes de graines avec : millet, bl\u00e9, orge, avoine, ma\u00efs concass\u00e9s. Cacahu\u00e8tes en coques, non sal\u00e9es, cerneaux de noix et noisettes. T\u00eates de chardons secs, baies de sureau et sorbier, poires, pommes. Vous pouvez fabriquer des blocs de graisse en chauffant doucement du saindoux dans une casserole, puis ajoutez des graines vari\u00e9es et remuez. Entourez le fil de fer autour de la plaquette de bois et recourbez-le au bout. Placez l\u2019ensemble dans le moule (pot de yaourt) et versez-y le m\u00e9lange. Laissez figer et retirer du moule. Vous pouvez \u00e9galement vous servir d\u2019une pomme de pin qu\u2019il vous suffit de tremper dans le m\u00e9lange. A \u00e9viter : On peut donner toutes sortes de graines, ainsi que tout corps gras non sal\u00e9 ! Saindoux, margarine, gras de jambon. Brisures de riz, tournesol, m\u00e9langes de graines avec : millet, bl\u00e9, orge, avoine, ma\u00efs concass\u00e9s. Cacahu\u00e8tes en coques, non sal\u00e9es, cerneaux de noix et noisettes. T\u00eates de chardons secs, baies de sureau et sorbier, poires, pommes. Comment les nourrir ? O\u00f9 d\u00e9poser la nourriture ? Le mieux est d\u2019installer des mangeoires en hauteur, sur un poteau ou dans un arbre, toujours hors de port\u00e9e des pr\u00e9dateurs (des chats par exemple) et dans des endroits d\u00e9couverts pour que les oiseaux ne soient pas attaqu\u00e9s par surprise. Mettez plusieurs mangeoires de types diff\u00e9rents, \u00e0 diff\u00e9rents endroits. Vous \u00e9viterez ainsi les bagarres qui d\u00e9noncent un comportement anormal chez les oiseaux, forc\u00e9s soudain de vivre trop nombreux sur un territoire trop r\u00e9duit. Ne mettez jamais la nourriture en trop grande quantit\u00e9 : les graines s\u2019humidifieraient et seraient impropres \u00e0 la consommation. Il est important d\u2019alimenter quotidiennement les mangeoires et de nettoyer souvent les points de nourrissage, pour \u00e9viter les risques de contamination et d\u2019\u00e9pid\u00e9mie. Pensez donc \u00e0 disposer les mangeoires dans des lieux faciles d\u2019acc\u00e8s. Les mangeoires id\u00e9ales sont celles qui se nettoient facilement. Ainsi, il est pr\u00e9f\u00e9rable d\u2019utiliser des tubes feeder (tube en PVC avec un r\u00e9ceptacle de graine) ou bien des plateaux en grillage tr\u00e8s fin. Le grillage permet d\u2019\u00e9vacuer l\u2019eau de pluie accidentelle. Le rebord d\u2019acc\u00e8s doit \u00eatre nettoy\u00e9 r\u00e9guli\u00e8rement pour \u00e9viter la propagation de maladies. Les oiseaux ont besoin d\u2019eau pour boire et pour se baigner, afin d\u2019entretenir leur plumage. Vous pouvez disposer de petites soucoupes ou autres r\u00e9cipients peu profonds (3 \u00e0 4 cm) dont vous changerez r\u00e9guli\u00e8rement l\u2019eau. Veillez \u00e0 ce que le rebord ne soit pas lisse pour faciliter l\u2019acc\u00e8s des oiseaux. Un couvercle de poubelle retourn\u00e9 et rempli de quelques pierres, servant de perchoir, pourra \u00e9galement faire office d\u2019abreuvoir. Si vous avez un plan d\u2019eau, laissez-y flotter une surface l\u00e9g\u00e8re et imperm\u00e9able (li\u00e8ge par exemple) pour que l\u2019oiseau puisse boire sans se noyer. Si l\u2019hiver est tr\u00e8s rigoureux et que l\u2019eau se fige dans les petits r\u00e9cipients, posez-les sur une brique r\u00e9fractaire chauff\u00e9e au pr\u00e9alable.<\/p>\n","protected":false},"author":1,"featured_media":0,"parent":0,"menu_order":0,"comment_status":"closed","ping_status":"closed","template":"elementor_header_footer","meta":{"footnotes":""},"class_list":["post-2117","page","type-page","status-publish","hentry"],"blocksy_meta":[],"_links":{"self":[{"href":"https:\/\/www.najarian.projetsmmichamps.fr\/gods\/wp-json\/wp\/v2\/pages\/2117","targetHints":{"allow":["GET"]}}],"collection":[{"href":"https:\/\/www.najarian.projetsmmichamps.fr\/gods\/wp-json\/wp\/v2\/pages"}],"about":[{"href":"https:\/\/www.najarian.projetsmmichamps.fr\/gods\/wp-json\/wp\/v2\/types\/page"}],"author":[{"embeddable":true,"href":"https:\/\/www.najarian.projetsmmichamps.fr\/gods\/wp-json\/wp\/v2\/users\/1"}],"replies":[{"embeddable":true,"href":"https:\/\/www.najarian.projetsmmichamps.fr\/gods\/wp-json\/wp\/v2\/comments?post=2117"}],"version-history":[{"count":94,"href":"https:\/\/www.najarian.projetsmmichamps.fr\/gods\/wp-json\/wp\/v2\/pages\/2117\/revisions"}],"predecessor-version":[{"id":3038,"href":"https:\/\/www.najarian.projetsmmichamps.fr\/gods\/wp-json\/wp\/v2\/pages\/2117\/revisions\/3038"}],"wp:attachment":[{"href":"https:\/\/www.najarian.projetsmmichamps.fr\/gods\/wp-json\/wp\/v2\/media?parent=2117"}],"curies":[{"name":"wp","href":"https:\/\/api.w.org\/{rel}","templated":true}]}}